{"id":55,"date":"2018-05-25T13:31:56","date_gmt":"2018-05-25T13:31:56","guid":{"rendered":"https:\/\/analyticaband.com\/?page_id=55"},"modified":"2020-12-13T22:30:51","modified_gmt":"2020-12-13T22:30:51","slug":"about-us","status":"publish","type":"page","link":"https:\/\/analyticaband.com\/?page_id=55","title":{"rendered":"The Band"},"content":{"rendered":"<p><strong>Jo\u00e3o Cardoso &#8211; Guitar\/Vocals<\/strong><\/p>\n<p><img loading=\"lazy\" class=\"alignleft wp-image-160 \" src=\"https:\/\/analyticaband.com\/wp-content\/uploads\/2018\/08\/Joao_20180801_110021-165x300.jpg\" alt=\"\" width=\"209\" height=\"380\" srcset=\"https:\/\/analyticaband.com\/wp-content\/uploads\/2018\/08\/Joao_20180801_110021-165x300.jpg 165w, https:\/\/analyticaband.com\/wp-content\/uploads\/2018\/08\/Joao_20180801_110021-564x1024.jpg 564w, https:\/\/analyticaband.com\/wp-content\/uploads\/2018\/08\/Joao_20180801_110021.jpg 640w\" sizes=\"(max-width: 209px) 100vw, 209px\" \/><\/p>\n<p>Jo\u00e3o Cardoso nasceu em 1976, numa aldeia em Sintra perto do mar &#8211; lugar que lhe confere parte da inspira\u00e7\u00e3o e paix\u00e3o que o caracteriza. Cresceu nos anos 80 a ouvir pop\/rock e aos 11 anos tocou pela primeira vez numa guitarra oferecida n\u00e3o tendo, entretanto, evolu\u00eddo muito devido \u00e0 falta de livros, revistas de instru\u00e7\u00e3o ou professor. A partir dos 18 anos teve aulas com H\u00e9lder Santos. A partir desta data come\u00e7ou a interessar-se seriamente pela guitarra, tendo aprendido a tocar m\u00fasicas dos seus \u00eddolos de rock e metal.<br \/>Come\u00e7aram a surgir ideias de composi\u00e7\u00f5es e riffs baseados na guitarra com distor\u00e7\u00e3o. Essas ideias foram guardadas, sem as explorar. Mais tarde voltou a ter aulas, desta vez, com Lu\u00eds D\u00f3ria, aprofundando assim os seus conhecimentos te\u00f3ricos e pr\u00e1ticos.<br \/>\u00c0 medida que a m\u00fasica ocupava cada vez mais o seu tempo, crescia o empenho e brotavam sons aparentemente inarticulados.<br \/>Procurou interessados em tocar originais mas sem sucesso, tendo decidido partir para a aventura sozinho, compondo instrumentais com a guitarra el\u00e9trica como base.<br \/>O m\u00fasico conta j\u00e1 com <a href=\"https:\/\/joaocardoso.bandcamp.com\/\">v\u00e1rios discos a solo<\/a>, apenas em formato digital, tais como Jo\u00e3o Cardoso (2013), Even If Nobody Hears (2014), Nowhere Strings (2016), estando novos trabalhos em vista. Hoje est\u00e1 essencialmente focado em continuar o desenvolvimento da sua linguagem da guitarra el\u00e9ctrica, mas tamb\u00e9m de piano, onde se destaca pelo uso menos tradicional do mesmo.<br \/>At\u00e9 hoje, esteve envolvido em v\u00e1rios projectos, seja para tocar, gravar, ensinar, efectuar transcri\u00e7\u00f5es e desenvolvimento de algumas colabora\u00e7\u00f5es pontuais de partilha musical.<br \/>Para Jo\u00e3o Cardoso sua m\u00fasica, como ele pr\u00f3prio o diz, \u00e9 fonte de doa\u00e7\u00e3o e partilha, no gozo que sente em manipular palavras e notas musicais que falam a cada ouvinte de sua maneira, dependendo de seu estado. Porque m\u00fasica \u00e9 arte e viv\u00ea-la faz parte.<\/p>\n<hr \/>\n<p><strong>Jos\u00e9 Barata &#8211; Drums<\/strong><\/p>\n<p><img loading=\"lazy\" class=\"size-medium wp-image-170 alignleft\" src=\"https:\/\/analyticaband.com\/wp-content\/uploads\/2018\/08\/JoseBarata_Bio-300x300.png\" alt=\"\" width=\"300\" height=\"300\" srcset=\"https:\/\/analyticaband.com\/wp-content\/uploads\/2018\/08\/JoseBarata_Bio-300x300.png 300w, https:\/\/analyticaband.com\/wp-content\/uploads\/2018\/08\/JoseBarata_Bio-150x150.png 150w, https:\/\/analyticaband.com\/wp-content\/uploads\/2018\/08\/JoseBarata_Bio.png 640w\" sizes=\"(max-width: 300px) 100vw, 300px\" \/><\/p>\n<p align=\"justify\"><span style=\"font-size: medium;\">Nascido em Lisboa (1957), desde muito cedo sentiu a paix\u00e3o pelos tambores e pela percuss\u00e3o. Antes dos 10 anos de idade, tinha j\u00e1 uma enorme cole\u00e7\u00e3o de artefactos de percuss\u00e3o e afins. Ap\u00f3s iniciar a atividade musical (bateria) numa par\u00f3quia aos 13 anos, aos 15 integrava j\u00e1 a um agrupamento musical com responsabilidades comerciais &#8211; <\/span><span style=\"font-size: medium;\"><b>C\u00f3digo<\/b><\/span><span style=\"font-size: medium;\">. O figurino era o da atual banda de \u201c<\/span><span style=\"font-size: medium;\"><i>covers<\/i><\/span><span style=\"font-size: medium;\">\u201d, muito ativa, particularmente, nas zonas de Loures e Torres Vedras, executando trechos de, por exemplo: Beatles, Moody Blues, Joe Cocker, Santana, Free, Steppenwolf, Deep Purple, Uriah Heep, etc. Pessoalmente, os Black Sabbath eram uma refer\u00eancia importante (com destaque para o \u00e1lbum Master of Reality\u2026).<\/span><\/p>\n<p align=\"justify\"><span style=\"font-size: medium;\">Em 1976, inicia um novo ciclo, com experi\u00eancias diversas, interpretando desde hard rock, rock progressivo ao rock psicad\u00e9lico, inspiradas em bandas de refer\u00eancia dos anos \u201c70\u201d para estes g\u00e9neros musicais. Nessa fase da sua atividade musical, destaque para os <\/span><span style=\"font-size: medium;\"><b>Dogma<\/b><\/span><span style=\"font-size: medium;\"> (covers de rock progressivo). Com os <\/span><span style=\"font-size: medium;\"><b>Anagrama<\/b><\/span><span style=\"font-size: medium;\">, inicia um projeto de m\u00fasica pr\u00f3pria (instrumental) &#8211; trio de jazz-rock, com Fred na guitarra (ex-Hosanna) e Jos\u00e9 Aguiar (p\u00f3s-Roxig\u00e9nio e atual membro dos Tar\u00e2ntula) no baixo.<\/span><\/p>\n<p align=\"justify\"><span style=\"font-size: medium;\">Em 1977 integra a banda <\/span><span style=\"font-size: medium;\"><b>Elo<\/b><\/span><span style=\"font-size: medium;\">, com Carlos Ferreira, Lu\u00eds Ramos (\u201cFranginhas\u201d) (depois Albino Correia) e Jorge Castelo-Branco, executando um repert\u00f3rio vasto e adaptado a todo tipo de solicita\u00e7\u00f5es comerciais. Esta participa\u00e7\u00e3o termina em finais de 1979. O hardware (PA) desta banda era tamb\u00e9m muito solicitado para eventos musicais, como por exemplo, na Cantina Velha da Universidade de Lisboa e Coliseu de Lisboa.<\/span><\/p>\n<p align=\"justify\"><span style=\"font-size: medium;\">Ap\u00f3s este per\u00edodo, d\u00e1-se in\u00edcio a um interregno musical, cortado em 1984 com a forma\u00e7\u00e3o da banda <\/span><span style=\"font-size: medium;\"><b>Phoenix<\/b><\/span><span style=\"font-size: medium;\">, na posi\u00e7\u00e3o de vocalista e percussionista (com Armando Barros, Ricardo Leite e Jo\u00e3o Barata). Resultados concretos deste projeto s\u00e3o: um <\/span><span style=\"font-size: medium;\"><i>single<\/i><\/span><span style=\"font-size: medium;\"> (1984) e v\u00e1rias atua\u00e7\u00f5es ao vivo, nomeadamente, uma em 5 de Maio de 1985 no RRV.<\/span><\/p>\n<p align=\"justify\"><span style=\"font-size: medium;\">Ap\u00f3s esta experi\u00eancia (finais de 1985), o m\u00fasico concentra-se em est\u00fadio particular, compondo e executando can\u00e7\u00f5es, das quais algumas est\u00e3o em revis\u00e3o\/atualiza\u00e7\u00e3o para integrar repert\u00f3rio de bandas em que participa atualmente.<\/span><\/p>\n<p align=\"justify\"><span style=\"font-size: medium;\">Segue-se, a partir de 1990, um longo (e talvez inexplic\u00e1vel) hiato musical de cerca de 32\/33 anos. Este \u00e9 quebrado com a tentativa de atualiza\u00e7\u00e3o sobre o panorama do rock nacional e internacional e o estudo e retoma da pr\u00e1tica de bateria no excelente projeto pedag\u00f3gico, t\u00e9cnico e profissional veiculado pela International Drum Academy (IDA), com Michael Lauren na dire\u00e7\u00e3o e leciona\u00e7\u00e3o. Do estudo relativo a bateristas de refer\u00eancia, nomeadamente John Bonham, surgiu a ideia de cria\u00e7\u00e3o de um projeto de celebra\u00e7\u00e3o da m\u00fasica dos Led Zeppelin \u2013 os <\/span><span style=\"font-size: medium;\"><b>God Zeppelin<\/b><\/span><span style=\"font-size: medium;\"> (Outubro, 2014 \u2013 quinteto, com M\u00e1rio Fernandes, Paulo Moreira, Nuno Carmona e Paulo Quartin). Esta foi a banda com que, efetivamente, retomou a sua atividade musical recente.<\/span><\/p>\n<p align=\"justify\"><span style=\"font-size: medium;\">Entretanto, participou em in\u00fameras <\/span><span style=\"font-size: medium;\"><i>jams<\/i><\/span><span style=\"font-size: medium;\">, audi\u00e7\u00f5es, projetos de tributo, referenciados, nomeadamente aos: Credence Clearwater Revival (mentor), The Beatles, Pink Floyd e Muse. Integrou, de forma mais sistem\u00e1tica um projeto de tributo a David Bowie (2016).<\/span><\/p>\n<p align=\"justify\"><span style=\"font-size: medium;\">Atualmente, para al\u00e9m dos <\/span><span style=\"font-size: medium;\"><b>Analytica<\/b><\/span><span style=\"font-size: medium;\"> (Banda com diversas fontes de inspira\u00e7\u00e3o \u2013 vers\u00f5es instrumentais e em l\u00edngua inglesa).integra, de forma ativa, outro projeto rock de m\u00fasica pr\u00f3pria: <\/span><span style=\"font-size: medium;\"><b>Febre<\/b><\/span><span style=\"font-size: medium;\"> (quarteto de rock alternativo em portugu\u00eas).<\/span><\/p>\n<p align=\"justify\">\u00a0<\/p>\n<p align=\"justify\">__________________________________________________________________________________________________<\/p>\n\n\n<p><\/p>\n\n\n\n<p><\/p>\n\n\n\n<h5>Jorge Fernandes &#8211; Bass\/Vocals<\/h5>\n\n\n\n<figure class=\"wp-block-gallery alignleft columns-1 is-cropped\"><ul class=\"blocks-gallery-grid\"><li class=\"blocks-gallery-item\"><figure><img loading=\"lazy\" width=\"683\" height=\"1024\" src=\"https:\/\/analyticaband.com\/wp-content\/uploads\/2020\/12\/Foto-Jorge-1-683x1024.jpg\" alt=\"\" data-id=\"204\" data-full-url=\"https:\/\/analyticaband.com\/wp-content\/uploads\/2020\/12\/Foto-Jorge-1.jpg\" data-link=\"https:\/\/analyticaband.com\/?attachment_id=204\" class=\"wp-image-204\" srcset=\"https:\/\/analyticaband.com\/wp-content\/uploads\/2020\/12\/Foto-Jorge-1-683x1024.jpg 683w, https:\/\/analyticaband.com\/wp-content\/uploads\/2020\/12\/Foto-Jorge-1-200x300.jpg 200w, https:\/\/analyticaband.com\/wp-content\/uploads\/2020\/12\/Foto-Jorge-1-768x1151.jpg 768w, https:\/\/analyticaband.com\/wp-content\/uploads\/2020\/12\/Foto-Jorge-1.jpg 854w\" sizes=\"(max-width: 683px) 100vw, 683px\" \/><\/figure><\/li><\/ul><\/figure>\n\n\n\n<p>Nascido em Santar\u00e9m em 1974, mudou-se na inf\u00e2ncia para a zona de Sintra, onde permanece at\u00e9 hoje.<\/p>\n\n\n\n<p>Na adolesc\u00eancia nasceu a vontade de tocar com os amigos, os seus temas preferidos, aprendendo ent\u00e3o viola ac\u00fastica e posteriormente guitarra el\u00e9trica.<\/p>\n\n\n\n<p>Colaborou, a partir da\u00ed, em projetos musicais, principalmente &#8220;covers&#8221; em portugu\u00eas e em composi\u00e7\u00f5es de originais, onde participava como guitarrista em espet\u00e1culos e eventos sociais variados. Nos anos 80\/90 existiam tamb\u00e9m v\u00e1rias &#8220;bandas de garagem&#8221; na sua \u00e1rea de resid\u00eancia, algumas chegaram mesmo a ter destaque a n\u00edvel nacional, como \u00e9 o exemplo dos R\u00e1dio Macau.<\/p>\n\n\n\n<p><\/p>\n\n\n\n<p><\/p>\n\n\n\n<p>Mais tarde, resolve experimentar tocar guitarra baixo devido \u00e0 aus\u00eancia do baixista, em cumprimento do servi\u00e7o militar. A partir da\u00ed adotou o baixo como o seu instrumento principal.<\/p>\n\n\n\n<p>Existem diversas influ\u00eancias musicais, desde Marcus Miller, Victor Wooten, Joe Satriani, Dire Straits, Pink Floyd, Extreme, Sting, Muse, passando por influ\u00eancias mais antigas como Whitesnake, Helloween, Marillion, Ozzy Osbourne ou at\u00e9 Miles Davis.<\/p>\n\n\n\n<p>Em 2019, na procura de sonoridades mais pop\/rock, o destino conduziu-o ao Jo\u00e3o Cardoso, guitarrista e compositor de &#8220;Analytica&#8221; onde conhece tamb\u00e9m Jos\u00e9 Barata, baterista deste projeto.<\/p>\n\n\n\n<p>Desde ent\u00e3o assume fun\u00e7\u00f5es de guitarra baixo.<\/p>\n\n\n\n<p> Atualmente, o projeto Analytica conta ainda com M\u00e1rio Ramos e Rog\u00e9rio Costa, respetivamente, nas teclas e na voz<\/p>\n\n\n\n<p>__________________________________________________________________________________________________________________________<\/p>\n\n\n\n<p><\/p>\n\n\n\n<p><\/p>\n\n\n\n<p><\/p>\n\n\n\n<p><\/p>\n\n\n\n<h5>Rog\u00e9rio Costa &#8211; Vocals<\/h5>\n\n\n\n<figure class=\"wp-block-image size-large is-resized\"><img loading=\"lazy\" src=\"https:\/\/analyticaband.com\/wp-content\/uploads\/2020\/12\/Rogerio-756x1024.jpg\" alt=\"\" class=\"wp-image-242\" width=\"316\" height=\"427\" srcset=\"https:\/\/analyticaband.com\/wp-content\/uploads\/2020\/12\/Rogerio-756x1024.jpg 756w, https:\/\/analyticaband.com\/wp-content\/uploads\/2020\/12\/Rogerio-221x300.jpg 221w, https:\/\/analyticaband.com\/wp-content\/uploads\/2020\/12\/Rogerio-768x1041.jpg 768w, https:\/\/analyticaband.com\/wp-content\/uploads\/2020\/12\/Rogerio.jpg 800w\" sizes=\"(max-width: 316px) 100vw, 316px\" \/><figcaption><br>Nasceu em Sintra (1982) e sempre teve uma atra\u00e7\u00e3o pelo mundo do espet\u00e1culo. Licenciou-se em Estudo Teatrais em 2004 e em paralelo estou dan\u00e7a (ballet cl\u00e1ssico). Acabando o curso, decidiu aperfei\u00e7oar a sua t\u00e9cnica em dan\u00e7a e foi, durante um ano, estudar ballet cl\u00e1ssico, dan\u00e7a moderna e contempor\u00e2nea para o Ginasiano \u2013 escola de dan\u00e7a, situado em Vila Nova de Gaia. Foi nesta mesma escola que iniciou a sua carreira como professor de Express\u00e3o Dram\u00e1tica e a sua vida como artista de teatro-dan\u00e7a. Ap\u00f3s a sua participa\u00e7\u00e3o como int\u00e9rprete em v\u00e1rios projetos, participou em 2006, como bailarino, no FAME O MUSICAL. Em 2007 come\u00e7ou a trabalhar com Filipe L\u00e1 F\u00e9ria, primeiro como bailarino em SETE MARAVILHAS DO MUNDO e depois como ator\/cantor em JESUS CRISTO SUPERSTAR. Ap\u00f3s ter feito v\u00e1rios musicais at\u00e9 2011 como ator, bailarino e cantor, fez uma paragem na sua vida art\u00edstica.<br>Em 2017 voltou a integrar-se nas artes como professor de Express\u00e3o Dram\u00e1tica (2017\/2018), como ator na companhia de teatro O SONHO (2018\/2020) e como professor de BURLESQUE CHAIR DANCE (2018\/2020). Tamb\u00e9m investiu em aulas de canto com Ivan Pedroso (2018) e tornou-se boylesque em 2018.<br>Em 2020 cruzou-se com os ANALYTICA e, sendo um homem de desafios, aceitou ser a voz desta banda rock.&nbsp;<\/figcaption><\/figure>\n\n\n\n<p>________________________________________________________________________________________________________<\/p>\n\n\n\n<h5>M\u00e1rio Ramos &#8211; Keyboards<\/h5>\n\n\n\n<p><\/p>\n\n\n\n<p><\/p>\n\n\n\n<p><\/p>\n\n\n\n<p><\/p>\n\n\n\n<p><\/p>\n","protected":false},"excerpt":{"rendered":"<p>Jo\u00e3o Cardoso &#8211; Guitar\/Vocals Jo\u00e3o Cardoso nasceu em 1976, numa aldeia em Sintra perto do mar &#8211; lugar que lhe confere parte da inspira\u00e7\u00e3o e paix\u00e3o que o caracteriza. Cresceu&#8230; <a class=\"read-more\" href=\"https:\/\/analyticaband.com\/?page_id=55\">Read more<\/a><\/p>\n","protected":false},"author":1,"featured_media":0,"parent":0,"menu_order":0,"comment_status":"closed","ping_status":"closed","template":"","meta":[],"_links":{"self":[{"href":"https:\/\/analyticaband.com\/index.php?rest_route=\/wp\/v2\/pages\/55"}],"collection":[{"href":"https:\/\/analyticaband.com\/index.php?rest_route=\/wp\/v2\/pages"}],"about":[{"href":"https:\/\/analyticaband.com\/index.php?rest_route=\/wp\/v2\/types\/page"}],"author":[{"embeddable":true,"href":"https:\/\/analyticaband.com\/index.php?rest_route=\/wp\/v2\/users\/1"}],"replies":[{"embeddable":true,"href":"https:\/\/analyticaband.com\/index.php?rest_route=%2Fwp%2Fv2%2Fcomments&post=55"}],"version-history":[{"count":39,"href":"https:\/\/analyticaband.com\/index.php?rest_route=\/wp\/v2\/pages\/55\/revisions"}],"predecessor-version":[{"id":265,"href":"https:\/\/analyticaband.com\/index.php?rest_route=\/wp\/v2\/pages\/55\/revisions\/265"}],"wp:attachment":[{"href":"https:\/\/analyticaband.com\/index.php?rest_route=%2Fwp%2Fv2%2Fmedia&parent=55"}],"curies":[{"name":"wp","href":"https:\/\/api.w.org\/{rel}","templated":true}]}}